er when p is divided by b(6).
19
Let o be -1 - (-6 - (4 + (-15)/3)). Suppose 5*s = -l + 435, o*s - 200 = -4*l + 132. Let j = s - 78. Calculate the remainder when 119 is divided by j.
9
Let t = -74 + 87. Suppose -3 = -2*v - 11. Calculate the remainder when (6/v)/((-5)/210) is divided by t.
11
Let v be (-40)/(-260) + 3473/(-13). Let r = -257 - v. What is the remainder when 37 is divided by r?
7
Suppose 0 = 2*z - q - 1264, 5*z - 5*q + 3*q = 3161. Calculate the remainder when z is divided by 158.
1
Suppose 270*d = 200*d + 2800. Calculate the remainder when 16238 is divided by d.
38
Let j = 77 - 75. Suppose -j*f + 4 = 3*z - 2*z, 10 = -z + 5*f. Suppose -v - 2*k + 7 = z, 6*v - 4*v + 5*k = 16. Calculate the remainder when 18 is divided by v.
0
Suppose -7 = -p - 5. Let m be (1 - 2)/(p/14). Let r(s) = s**3 + 7*s**2 + s + 14. What is the remainder when 22 is divided by r(m)?
1
Let b(o) = -9*o - o + 15*o + 25 - 8*o. What is the remainder when 159 is divided by b(6)?
5
Suppose -3*f - 247 = -6*u + 4*u, -u + f = -122. What is the remainder when u is divided by 33?
20
Let n(u) = -u**2 + 6*u + 6. Let p be n(-9). Let y = -122 - p. Let q(j) = j + 12. What is the remainder when y is divided by q(-8)?
3
Let f = -13 + 37. Let q = f + 4. Suppose -4*t = -3*k + 247, t + 46 + 36 = k. What is the remainder when k is divided by q?
25
Suppose 2*l - 10 = 4*w, 4*w = -l - 1 + 12. Suppose 3*g + l*g = 350. Calculate the remainder when g is divided by 19.
16
Let x = -558 - -563. Suppose -x*w = -5*m - 0*w + 540, -2*m = 2*w - 228. What is the remainder when m is divided by 19?
16
Let s(u) = -u**2 + 60*u - 244. What is the remainder when s(31) is divided by 92?
11
Suppose -163*t + 21639 + 4755 = 86*t. What is the remainder when 16108 is divided by t?
102
Let u(x) be the first derivative of -7*x**2/2 - 73*x + 200. What is the remainder when 45 is divided by u(-16)?
6
Let l be 3 - 8 - -2 - -32. Let h = l + -26. Suppose 3*i = 2*b + 295, 4*b = h*i - 192 - 101. What is the remainder when i is divided by 34?
31
Let s(f) = 14*f**2 - 13*f + 15. Let m be s(3). Suppose 0 = -6*t - 30 + m. What is the remainder when (-549)/(-12) + 2/8 is divided by t?
10
Let q be 156/(-8)*(-56)/21. Suppose -q = -5*n + 103. Calculate the remainder when n is divided by 11.
9
Let y(h) = 5*h**2 - 9*h + 9. Let f = 60 + -59. Let c be y(f). Suppose c*j + j = 96. Calculate the remainder when j is divided by 4.
0
Let c be (-8)/((-144)/30) - (-31)/3. Suppose -2*p = -26 - c. Let k(q) = q**3 + 14*q**2 + 13*q + 6. What is the remainder when p is divided by k(-13)?
1
Suppose 0 = -3*c - 2*c - 4*t + 91, -2 = 2*t. Let p(q) = -45 + 40 - c*q + 2*q**2 + 2*q + 27. Calculate the remainder when p(10) is divided by 16.
4
Let q(u) = 25*u + 45. Let c be q(-3). Calculate the remainder when (-4564)/c + 82/(-615) is divided by 11.
9
Suppose 3*z + z - 24 = 4*h, 0 = -5*z - 4*h + 3. Suppose -z*p - 219 + 264 = 0. Calculate the remainder when 26 is divided by p.
11
Suppose -80 = -u - 3*u. Let v = 526 + -543. Let d = 20 - v. Calculate the remainder when d is divided by u.
17
Suppose -330 = -3*q + 4*r, -130 = -q - 4*r - 4. Calculate the remainder when q is divided by 50.
14
Suppose -48*w + 702 + 594 = 0. Suppose 0 = -3*b + 3, 0 = w*r - 22*r - 2*b - 408. What is the remainder when r is divided by 43?
39
Let d(n) = n**2 + 15*n + 5. Suppose -2*v - 3*m + 149 = 0, -3*m + 112 = v + 33. Calculate the remainder when v is divided by d(-17).
31
Let z = -173 - -195. Suppose -62 = -z*y - 18. Calculate the remainder when 20 is divided by y.
0
Let s(h) = -65*h - 1147. Calculate the remainder when 534 is divided by s(-20).
75
Suppose -78*f + 82*f - 2*g - 1664 = 0, f - 3*g = 421. Calculate the remainder when f is divided by 10.
5
Let q = -1428 + 1430. Let j(p) = p**3 - 6*p**2 + 2*p - 4. Let t be j(6). Suppose 4*k - 3*s = 23 + t, 0 = -s - 5. Calculate the remainder when k is divided by q.
0
Let l(a) = a**3 - 37*a**2 + 57*a + 477. Calculate the remainder when 255 is divided by l(35).
13
Let p(r) = r**3 + 9*r**2 + 13*r - 1. Let f be p(-7). Suppose 5*v + 2*z = 191, -f*v + z = -7*v + 37. What is the remainder when -1*46/8*-20 is divided by v?
37
Calculate the remainder when 296 is divided by 8/(-40) + 2980/25.
58
What is the remainder when 4305 is divided by 57 + (-175)/75*(-12)/14?
57
What is the remainder when 18/5760*40 + 2 + 1383/8 is divided by 152?
23
Suppose 20*i + 20*i = 2*i + 1596. What is the remainder when 5332 is divided by i?
40
Let s(w) = -2*w**3 - 5*w**2 - 8*w - 9. Let m be s(-6). Let p = m + -275. Calculate the remainder when 158 is divided by p.
14
Suppose -3 = -23*p + 22*p. Suppose -3*g - 25 = -g + p*u, -12 = g + 2*u. Calculate the remainder when 33 is divided by ((g/(-3))/((-12)/18))/(-1).
5
Let i(n) = 3*n + 593. What is the remainder when i(30) is divided by 53?
47
Let w(p) = -7*p + 13. Let j be w(-5). Suppose 6*u = -2*u - j. Let g(r) = r**3 + 7*r**2 + 17. What is the remainder when g(u) is divided by 14?
11
Let l(c) = 10*c**3 - 40*c**2 + 21*c - 52. Let x = -45 + 79. What is the remainder when l(5) is divided by x?
31
Let a(p) = -9*p**3 + 32*p**2 + 29*p - 4. What is the remainder when 3278 is divided by a(-1)?
6
Suppose -6263 = 20*k - 19523. What is the remainder when k is divided by 95?
93
Let m = -269 - -288. Let x(u) = -5*u - 2. Let v(t) = -t**2 - 1. Let q be v(-1). Calculate the remainder when m is divided by x(q).
3
Let f be (1 - -1 - -162)/(1/(-2)). Let y = -219 - f. Let m = y - 95. Calculate the remainder when 38 is divided by m.
10
Let c = 47999 - 47980. Let i(u) = 29*u**2 - 2*u. What is the remainder when i(-4) is divided by c?
16
Let h(l) = l**2 - 10*l - 3. Suppose 228*u = 210*u + 198. What is the remainder when h(12) is divided by u?
10
Let r(p) = -4*p**2 + 4*p + 5. Let y be r(-1). Let z be 223/y - 4/(-3). Let k = -53 - z. What is the remainder when 58 is divided by k?
18
Let g = 4131 - 4084. What is the remainder when 181 is divided by g?
40
Calculate the remainder when 275 is divided by (52/(-12) + 3)/(72/(-7182)).
9
Let r(g) = g**2 + 25*g + 62. Let x be r(-27). Let t = x + -78. Calculate the remainder when t is divided by 7.
3
Suppose 7*g - 4*o - 1087 = 4*g, -4*g = 3*o - 1441. Let u = 610 - g. Calculate the remainder when u is divided by 50.
49
Let l(y) = 2*y**2 + 152*y + 600. Calculate the remainder when 2134 is divided by l(-72).
22
Suppose -i = 5*u - 10, 0*u = -5*i + 2*u - 4. Suppose w + 13 = 5*h + 41, i = -4*w + 5*h + 142. What is the remainder when w is divided by 10?
8
Let y(w) = -3*w**3 + 5*w**2 - 3*w + 2. Calculate the remainder when 450 is divided by y(-2).
34
Let i = -710 + 705. What is the remainder when 45 - i/((-25)/(-15)) is divided by 10?
8
Let j = 3762 - -1483. What is the remainder when j is divided by 33?
31
Let w(h) = -73*h + 31*h - 3 + 29*h + 24*h - 6. What is the remainder when 1/2 - 3/(-2) is divided by w(1)?
0
Suppose 292 = f + 22*a - 25*a, -3*f = 2*a - 931. Calculate the remainder when f is divided by 147.
13
Let w be (-4)/2 - (-4 - -1). Let k be (-3 - (-225)/18) + w/2. Suppose -3*i - 3*z + 2*z + 16 = 0, k = -2*z. What is the remainder when 34 is divided by i?
6
Suppose -2*k + 3*k - 14 = 0. Let n = 1899 + -1224. Calculate the remainder when k is divided by (-1)/4 + n/108.
2
Suppose 4*j - 16 = -2*k, -j - 2*j + 21 = 3*k. Suppose -4*d + k*d = -2. Calculate the remainder when (0 + d)*-3 - (0 - 1) is divided by 4.
0
Let y(n) = n**3 - 28*n**2 + 21*n + 11. Let q be y(28). Suppose 0 = 3*b - t - q, -5*t + 965 = b + 4*b. Calculate the remainder when b is divided by 25.
23
Let c be 86/4 + 18/(-12). Suppose z - c = -3*z, 3*a - 229 = z. Suppose -3*g - 3*g = -a. What is the remainder when 46 is divided by g?
7
Suppose 5*o = -0*o + 110. Let a(t) = 297*t**2 - 3*t - 4. Let z be a(-2). Suppose 7*u = 21*u - z. Calculate the remainder when u is divided by o.
19
Let x(v) = v**2 - 6*v - 5. Let g = -191 - -431. Let p = g + -223. Calculate the remainder when x(-5) is divided by p.
16
Let r = -627 + 287. Let i = 361 + r. Calculate the remainder when 41 is divided by i.
20
Suppose 0 = -2*l - 2*s + 618, 4*l - 3*s - 799 = 423. What is the remainder when l is divided by 22?
21
Let t = -79 + 106. Let l = t + 21. Calculate the remainder when l is divided by 10.
8
Suppose -6 = -3*d + 3*w, -2*d + 4*d = 5*w + 10. Suppose c + 5 = d, 2*c 